*m + 234 = -446. Let q = -67 - m. Is q prime?
False
Suppose 77*b - 69*b - 18024 = 0. Is b a composite number?
True
Let c = 25313 - 17548. Is c composite?
True
Suppose -11*s + 31442 = 12126. Suppose -7*m - s = -11*m. Is m composite?
False
Let r be (-195)/(-27) - 4 - 4/18. Suppose 0*o + 4805 = 4*o + w, r*o - 3599 = 4*w. Is o prime?
True
Let x(f) = -4*f + 7. Let b be x(2). Let o(t) = 158*t**2 + t. Is o(b) prime?
True
Let r = 227 + 992. Is r a prime number?
False
Suppose 2*g - 34252 = -4*d, 8*g - 42825 = -5*d + 3*g. Is d a prime number?
False
Let f(g) be the first derivative of 7*g**3 + 2*g**2 + 4. Let z be 5/(2*(-2)/4). Is f(z) a composite number?
True
Let a(m) be the second derivative of 52*m**4/3 - m**3 + 11*m**2/2 - 46*m. Is a(6) composite?
True
Let a be ((-1)/(-2))/((-8)/(-448)). Let v = a - 28. Is (-3)/3*(v - 403) prime?
False
Let v(b) = b**2 - 5*b - 11. Let t be v(10). Suppose d - 4 = -d, -4*j + 5*d = -342. Let m = j - t. Is m a composite number?
True
Suppose -2*s + 2*b = -5670 - 7858, 2*s - 13537 = 5*b. Is s a prime number?
True
Let y = -9 + -14. Let k = y - -23. Suppose -345 = -k*b - 3*b. Is b composite?
True
Suppose 2*x = -m + 1702, 3*m = -4*x + 7*m + 3428. Suppose -x = -2*h + h. Is h composite?
False
Let l = 721 + -277. Suppose -5*y = -l - 526. Is y a composite number?
True
Let f(q) = -q**2 - 8*q + 11. Let c = 12 + -21. Let k be f(c). Suppose 2*v + 3*m - 129 = -k*m, 0 = -3*v + m + 236. Is v prime?
False
Let w(v) = -v**3 - 4*v**2 + 3*v - 5. Let i(k) = k**2 - 5*k - 5. Let l be i(5). Let g be w(l). Suppose g*m + 83 = 6*m. Is m composite?
False
Let w = -2743 - -5443. Suppose -w = -g - 5*g. Suppose 5*y - 4*i = g, 3*y - 6*y - i = -287. Is y a prime number?
False
Suppose -9 = t - 4*t. Suppose 7*d - 3556 = t*d. Is d composite?
True
Suppose 4*a + 12 = -0. Let i be a*1*(-4)/(-3). Is (-80)/24*582/i prime?
False
Let y(t) = 286*t**2 + 3*t + 7. Is y(-4) composite?
True
Suppose -5*p + p = -5*s + 161, 0 = -5*p - 20. Let d = s + -26. Suppose 4*i = w + 213 + 212, -4*i - d*w = -421. Is i a composite number?
True
Let n(p) = 27*p - 32. Let t be n(11). Let q = t + -12. Is q a prime number?
False
Suppose 2*k - 12 = -b + 3*b, 5*k = -5*b - 30. Let m(i) = -i**2 - 9*i - 16. Let g be m(b). Suppose 629 = 3*u - s, -4*s + 9*s = g*u - 402. Is u a prime number?
True
Let q(l) = -l**3 + 6*l**2 - 5*l - 4. Let r be q(5). Let v(g) = 2*g - 4. Let b be v(r). Let d = 125 + b. Is d prime?
True
Let i(b) = 2*b**2 + 3265. Let t = -97 - -97. Is i(t) a composite number?
True
Let q(o) = -2*o**2 - 24*o - 10. Let m be q(-12). Is -305*(4/m - 1) a composite number?
True
Let w(p) = 168*p**2 - 3*p - 23. Is w(6) a composite number?
False
Suppose 55*b = 60*b - 20. Let g(x) = 5*x**3 - 4*x**2 - 2*x + 5. Is g(b) prime?
False
Let t = 32 + -36. Is 94 - -1 - (4 + t) a composite number?
True
Let o = 17189 - 2700. Is o composite?
False
Suppose 2*d = -3*n - d + 10320, -4*d - 6862 = -2*n. Is n a prime number?
False
Is 46005 - 280/(-80)*4/7 a prime number?
False
Let c(p) be the second derivative of p**5/5 - p**4/3 - p**2 - p. Let m be c(3). Let i = 161 - m. Is i a prime number?
False
Is 4*2/20 - (-145783)/5 prime?
False
Let c be (0 + 2)*(-6)/(-4). Suppose 0 = 2*d + 3*d + 2*u - 4850, c*d - 5*u = 2910. Let x = d - 615. Is x composite?
True
Let h(s) = -s**3 + 3*s**2 - s - 6. Let c be h(4). Let u = 52 + c. Is u composite?
True
Let z be (5 - 7)*(1 + 0). Suppose 0*m - 2*m - 8 = 0, a = 4*m + 4. Is ((-291)/a)/(z/(-8)) a prime number?
True
Let g(k) = 69*k**2 + k + 7. Let i = 18 - 15. Is g(i) composite?
False
Let n = -52 + 66. Suppose 12*s = n*s - 12. Is s prime?
False
Let x be (-1 - (-4)/12)*102. Let a = x - -19. Let t = -35 - a. Is t a composite number?
True
Let z(h) = -h**2 - 48*h + 32. Let l be z(33). Is (l/(-57))/((-2)/(-42)) prime?
False
Let n = 22 + -12. Suppose 5*a + n = 0, 0*z - 5*z = 2*a + 44. Let w = z - -27. Is w a composite number?
False
Let z = -29424 - -56785. Is z composite?
False
Suppose -1382020 + 143265 = -35*s. Is s composite?
False
Suppose -15*r + 22*r = 66577. Is r a prime number?
True
Let z(b) be the third derivative of b**3/6 - 9*b**2. Let d(f) = -49*f - 7. Let v(l) = -d(l) - 5*z(l). Is v(11) composite?
False
Let n(g) be the third derivative of g**8/2880 + g**7/1008 - g**6/240 + g**5/15 + 5*g**2. Let z(q) be the third derivative of n(q). Is z(4) a composite number?
True
Let m(j) be the second derivative of -j**5/20 + j**4/12 - j**3/6 + 7*j**2 + 5*j. Let w = 12 + -12. Is m(w) prime?
False
Let g = 2285 - 498. Suppose 5*k - g = 12758. Is k prime?
True
Suppose 2*g + 4321 = x, -5*x + 12978 = -2*x - g. Is x a composite number?
False
Let t = -133 - -277. Let z(x) = 0 - 106*x + 166*x + 1 + t*x. Is z(3) a composite number?
False
Let j = -16427 - -29926. Is j a prime number?
True
Let z be (-114)/(-27) - 10/45. Is (-303)/(-8)*10 + 1/z a prime number?
True
Let q(s) = 1686*s - 263. Is q(12) prime?
False
Is (-4 - -3)*1 - -1467 a composite number?
True
Let s = 3056 + -1557. Is s prime?
True
Suppose 2*d + 4 = 3*d. Let r be (2 - 10/4) + (-27)/(-6). Is ((-158)/d)/((-2)/r) a composite number?
False
Let p be ((-4)/(-8)*0)/1. Let r = p + 3. Suppose -102 - 75 = -r*n. Is n composite?
False
Let t(d) = -d**3 - 12*d**2 + 14*d + 18. Let u be t(-13). Suppose -2318 = -u*b - 283. Is b composite?
True
Suppose 26*o = -6*o + 971488. Is o prime?
False
Let m be 1 + 12/10 - 32/(-40). Suppose -m*g + 0*g = -2739. Is g prime?
False
Let t be (-2)/(-10) - 496/(-20). Suppose t*r - 38 = 24*r. Is r a prime number?
False
Let f be 1/3 - 2*(-31)/(-6). Let g(a) = -a**3 - 5*a - 1. Is g(f) a prime number?
True
Is 380 + 1 + -2 - -3 a composite number?
True
Let c = 32 - -120. Let r = c + -99. Let v = -28 + r. Is v composite?
True
Let u(p) = 27*p**3 - 3*p**2 + 1. Let l be u(-2). Let a = 428 + l. Is a prime?
False
Let m = -18 + 20. Suppose m*r + 3*r = 815. Suppose -3*u + r + 236 = 0. Is u a composite number?
True
Let z = -2011 + 2890. Let q be (-2)/((24/z)/(-4)). Suppose -o = -2*o + q. Is o a composite number?
False
Let y = 41 - 41. Suppose y = -3*w - 5*v + 93 - 30, -4*w + 84 = v. Is w composite?
True
Suppose -7 = -5*v - t - 37, 0 = -2*t - 10. Let j(p) = -2*p**3 - 4*p**2 + 5*p + 2. Is j(v) prime?
True
Suppose -583*s + 554*s + 165967 = 0. Is s composite?
True
Suppose 0 = -2*a + a - 88. Let w = a - -165. Is w composite?
True
Let v(y) = -y**2 + 7*y - 4. Let w be ((-3)/6)/1*-12. Let s be v(w). Suppose -3*d - 93 = -s*b + 49, -3*b - 2*d = -239. Is b a prime number?
False
Let l(o) = 2*o + 21 + 2*o**2 + 11*o - 4*o - 7. Let c be l(-11). Suppose 4*f - 183 = c. Is f prime?
False
Suppose 2*t = 13 + 9. Suppose 4*r = s + 9 + t, 2*s = r - 12. Suppose -957 = -3*k - 5*x, r*k - 3*x = -8*x + 1276. Is k prime?
False
Let v = 30 - 554. Let y = v + 882. Is y prime?
False
Suppose 3*y - 4*u - 6712 = u, 4*y - 3*u - 8931 = 0. Let a = -1432 + y. Is a a prime number?
True
Let o be 1 - (-8)/2*37. Suppose -r + 54 = 3*m - 1, -3*r - m = -o. Is r a prime number?
False
Is (-4)/((-24)/2313)*(-14)/(-21) a prime number?
True
Let w(h) = 3*h - 5*h + 2 - 3 - 22*h**3. Suppose 10 = -2*z - 3*q, -z - 4 = 6*q - 5*q. Is w(z) a composite number?
False
Suppose 0 = 17*n - 17580 - 2191. Is n prime?
True
Let d(g) = -g**3 - 6*g**2 - 9*g - 61. Is d(-18) a prime number?
True
Let t(x) = 3*x**2 + 1. Let r(j) = -2*j**2 + j. Let d(w) = 2*r(w) + 3*t(w). Is d(4) a composite number?
True
Let i be 119/9 + 10/(-45). Let u(d) = 19*d + 20*d - 3 - 15. Is u(i) composite?
True
Suppose -3*k = -4*k + 2*b - 47, -5*k - 4*b = 221. Let n = k - -100. Suppose -5*h = -0*h - n. Is h composite?
False
Let v(m) = 8*m**2 + 2*m. Let b = -17 - -12. Let z be v(b). Let f = z + -71. Is f composite?
True
Suppose 3*d - 1498 = 4*u, 23*d = 18*d + 5*u + 2500. Is d a prime number?
False
Let n = -5 - -9. Suppose 9*f - n*f - 3925 = 0. Is f composite?
True
Suppose -5 = -4*s - 5*h + 52, -2*h = -3*s + 37. Let c(u) = 93*u + 53. Is c(s) a prime number?
False
Let r = 1463 + 698. Suppose -271 = -2*x + r. Let k = -575 + x. Is k a composite number?
False
Suppose 168 = 3*q - q + 4*c, c + 238 = 3*q. Let i = 243 + q. Is i composite?
True
Let s(t) = t**3 - 2*t - 3. Let b be s(-2). Let m(w) = 11*w**2 - 7*w + 6. Let f be m(b). Suppose k + 2 = 0, 2*k = -4*l + k + f. Is l composite?
False
Let b = 1 + -15. Let h = b - -47. Suppose -7*t + h = -4*t. 